 = -g**2 - 9*g + 3. Determine m(u).
17
Let t = -1 - 5. Let v = t + 8. Suppose 3*n = -v*n - 2*d - 20, 3*n + 4*d + 12 = 0. Let a(l) = l**2 + 4*l + 6. Give a(n).
6
Let o(h) = h**3 - h - 1. Suppose -15*m + 22*m = 0. What is o(m)?
-1
Let u(v) = 3*v**2 + 6*v - 3. Let h(c) = 2*c - 29. Let j be h(13). Let g(y) = 6*y**2 + 0*y + 2*y + 9*y - 5. Let l(r) = j*g(r) + 5*u(r). Give l(-2).
-6
Let l(r) be the second derivative of -r - 1/60*r**5 + 0*r**3 + 1/144*r**6 - 1/12*r**4 + 0*r**2 + 0. Let z(q) be the third derivative of l(q). Determine z(2).
8
Suppose -4 = 2*q - 0*q. Let a(n) = -2*n - 1. Give a(q).
3
Let v(m) = -20*m**3 - 35*m**2 + 2. Let r(h) = 7*h**3 + 12*h**2 - 1. Let j(k) = -17*r(k) - 6*v(k). Determine j(-6).
5
Let c = 24 - 14. Suppose 5*r + 35 = c. Let o(p) = 3*p**3 - 15*p**2 - 4*p + 1. Let l(x) = 4*x**3 - 22*x**2 - 6*x + 1. Let n(s) = 5*l(s) - 7*o(s). Give n(r).
8
Let d be 5*(-5)/(50/(-4)). Suppose -d*c + 0*c + 4*p - 24 = 0, -c = -3*p + 16. Let n(j) = 4*j + 4. Calculate n(c).
-12
Let u(o) = -o**3 + 9. Suppose 0*k + 2*k - 2 = 0. Let q be (k/(-2))/(1/(-4)). Suppose v - 2 - 2 = 4*p, -2*p = q*v + 2. Give u(v).
9
Suppose 2*h - 3*y - 6 = 3, 2*h + y - 5 = 0. Let o(w) = w**2 - 2. Give o(h).
7
Let k(a) = 3*a - 10. Suppose 113*l = 117*l - 28. Determine k(l).
11
Let y(c) = -2*c**2 + 6*c**2 - 12*c**3 - 7 + 11*c**3 + 6*c. Let t be (1 - -3) + -2 + 18. Suppose -4*q + t = 5*x, 3*q - 10 = q + 3*x. Calculate y(q).
-2
Let d = 5 - 2. Let m(x) = -2*x + 1 + x**2 - 2*x + d*x. Give m(2).
3
Let c(s) = -7*s**3 + s**2 - 1. Let r be (-3)/((6/8)/(-1)). Suppose 2*u = h + u + r, 0 = -5*u + 5. Let f = h + 2. Calculate c(f).
7
Let w(t) = 3*t + 3*t - 1 - t**2 - 3. Let o be w(4). Let v(f) be the second derivative of f**3/6 - f**2/2 + 39*f. Calculate v(o).
3
Let k = -1 - -7. Let s(m) = -m**2 + 6*m - 4. Let o be s(k). Let a(x) = x - 2. Determine a(o).
-6
Let m(n) = 1 + 2 - 11*n + 10*n - 2. What is m(-3)?
4
Let b = -22 - -16. Suppose 5*r + 3*t = 2 + 4, 2*r = -4*t - 6. Let m = r + b. Let q(j) = j**3 + 4*j**2 + j - 1. What is q(m)?
5
Let a(j) = 0*j**3 + 0*j**3 - j - j**3. Let m(y) = -7*y**3 + 8*y**2 - 15*y + 7. Let r(k) = -6*a(k) + m(k). Give r(7).
-7
Let u(r) = r**2 - 8*r + 3. Let g(p) = 2*p**2 - 17*p + 7. Let n(a) = 3*g(a) - 7*u(a). Let q be (-7)/3 - (-4)/(-6). Let w = 3 - q. Give n(w).
-6
Let c(o) = -3*o + 9. Let v be c(3). Let i(f) = f**3 + f**2 + f + 8. Give i(v).
8
Let m(j) = 22 - 6*j**2 + j**3 + 23 - 43. What is m(6)?
2
Let k(b) = -2 + 0*b - 2*b - 15 + 19. Calculate k(6).
-10
Let o(v) be the third derivative of v**4/24 + 13*v**3/6 - 55*v**2. Calculate o(-14).
-1
Let v(n) = -5*n + 3. Let z(r) = r. Let f(c) = -v(c) - 3*z(c). Let g be (1 - -1) + -2 + 3. What is f(g)?
3
Let b(c) = -c + 3. Let i(t) = -t**2 - t + 2. Let m be i(0). Suppose 1 = -h, -4 = -m*s - 4*h - 0. Calculate b(s).
-1
Let s = 131/1284 + -2/107. Let m(a) be the third derivative of s*a**5 + 0*a**3 + 2*a**2 - 1/24*a**4 + 0*a + 0. Calculate m(-1).
6
Let n(y) = y - 2. Let h be 2/23 - 1757/(-161). Give n(h).
9
Let m(a) = -a**2 + 2*a - 2. Suppose -5*o - 16 + 1 = 0. Calculate m(o).
-17
Let f(j) = j + 9. Let h be f(-6). Let t(k) = 7*k**2 + 2*k - 2*k**3 - k**2 - 1 + h*k**3. What is t(-6)?
-13
Let d(f) = -55*f - 8 - 49*f + 106*f. Calculate d(8).
8
Let q(r) be the second derivative of 1/3*r**3 + 0 + 3/2*r**2 + r - 1/12*r**4. Determine q(4).
-5
Let h(x) be the third derivative of x**2 + 0*x + 1/6*x**3 + 1/8*x**4 + 0. Calculate h(-1).
-2
Let f = -11 - -13. Let l(m) = m - 3 - 1 + 2. Give l(f).
0
Let x(r) = r**2 + 5*r + 1. Let f be (-117)/(-6) + 15/10. Let v = f + -25. What is x(v)?
-3
Suppose -4 = -2*v + v. Let z(o) = 2. Let h(x) = -x - 3. Let b(y) = -2*h(y) - 5*z(y). Determine b(v).
4
Let a(j) = j**3 - 6*j**2 - j + 1. Let x be a(6). Let t(r) = 5*r**3 + r**2 - 11*r - 5. Let c(g) = 6*g**3 - 13*g - 5. Let h(n) = -4*c(n) + 5*t(n). Calculate h(x).
10
Let g = -95 - -94. Let r(a) = 11*a. Give r(g).
-11
Let l be (2/10)/(2/5). Let s(b) be the second derivative of -l*b**3 + 0 + 2*b - b**2. What is s(-3)?
7
Let z(n) = -n**3 + 13*n**2 + n - 11. Let x be z(13). Let a(v) = 1 + 4*v**2 - v**2 - 4*v + x*v + 0*v**2. Determine a(1).
2
Let l = -1 + 3. Let z(v) = -3*v - v**l - 1 + 6 + 0*v**2. Suppose 2*t = -4*q - 20, -3*q - 18 = -0*q + 3*t. Calculate z(q).
1
Suppose -2*w + 5 = -1. Suppose 0 = -2*f - f + 12. Let l(c) = 2*c - f + c + 6 - 2*c**2. Determine l(w).
-7
Let n be (9*-1)/((-6)/4). Suppose 0 = -f + n*f. Let k(t) = 2*t - t + 0*t + 7. What is k(f)?
7
Let d(n) = 2*n - 5. Suppose m + 8 = -3*m. Let x = m + 7. Determine d(x).
5
Let v = -22 + 19. Let t(j) = 3*j + 3. Give t(v).
-6
Let o(z) = 12*z**2. Let y = -10 + 9. Give o(y).
12
Let m(y) = -4*y**2 - y - 1. Suppose 4*v = 17 - 5. Suppose -v*z + 5*z - 16 = 0. Suppose -z*l - 2*q - 3 = -3*l, 3*l + 2*q = -1. Give m(l).
-4
Let s(g) = 3*g + 1. Suppose -4*c + 2*w = 0, c + 14 = 5*c + 5*w. Determine s(c).
4
Let w(o) = o + 13 + 7*o**2 + 8*o - 6. Let p(y) = 8*y**2 + 10*y + 8. Let m(v) = -6*p(v) + 7*w(v). Determine m(-1).
-1
Let r(w) be the first derivative of -w**4/4 - 5*w**3/3 + 3*w**2 + 4*w - 1. Determine r(-6).
4
Let x(k) = 4*k + 2. Suppose -2*i + 10 = 5*g, g + 0*g - 4*i - 2 = 0. What is x(g)?
10
Let j(a) be the first derivative of -1/2*a**2 + 0*a + 1 + 5/24*a**4 + 2/3*a**3 - 1/60*a**5. Let s(r) be the second derivative of j(r). What is s(6)?
-2
Let h(k) = 1 + k + 0*k - 4 + 1. Determine h(0).
-2
Let n(j) = -9 + 3*j + 8*j - 12*j. Give n(-8).
-1
Let z be (0 + -1)/((-1)/3). Let l(m) = 2 + 0*m**2 + z*m - m**3 - 2*m**2 + 0*m**3. Let f = -12 + 9. Give l(f).
2
Let z(u) = -3*u**3 + 5*u**2 - 2*u + 2. Let l(h) = 4*h**3 - 5*h**2 + 3*h - 2. Let n = -12 + 15. Let y(o) = n*z(o) + 2*l(o). What is y(5)?
2
Let d(t) = -t + 2. Let y = 124 - 117. Determine d(y).
-5
Suppose -2*g = -2, -3*a - 2*g + 8 = -3*g. Let c(y) = -6*y + 3. What is c(a)?
-15
Let f = 4 + 1. Let b(o) = 2*o**3 - 5*o**2 + 11*o - 3. Suppose -5*i + 1 = -9. Let w(m) = m**3 - 3*m**2 + 5*m - 2. Let z(g) = i*b(g) - 5*w(g). What is z(f)?
-11
Let w(t) = 3*t - 5. Let j(a) = -2*a + 3. Let y(c) = -8*j(c) - 5*w(c). Let f(m) = 0 + 1 + 3*m + 2*m - 4*m. Let q be f(-1). Calculate y(q).
1
Let z(h) be the second derivative of h**5/20 - h**4/4 - h**3/3 + h**2/2 - 4*h. Determine z(3).
-5
Let r = 0 - -4. Suppose -2*v + r = 4*a, -6*a + 5*v = -a + 10. Let t(k) = k**3 - k**2 + k - 1. Calculate t(a).
-1
Suppose -8 + 6 = -k. Let f(b) = -b**k - 2 - 7*b - 4 + 1 + 0. Determine f(-6).
1
Let n(f) = 10*f + 2*f**2 + 25 - 21 - 3*f. Give n(-4).
8
Let p(z) = -z - 1. Let y(t) = 3*t - 10. Let i(m) = -1. Let x(u) = 6*i(u) - y(u). Let o(f) = 2*p(f) - x(f). Determine o(4).
-2
Let b(j) be the third derivative of -j**4/8 - j**3/2 - 3*j**2. What is b(-2)?
3
Suppose -7*l + 2*l = -3*f - 106, -2*f = -4*l + 84. Suppose d = -3*d - l. Let t(b) = b**2 + 4*b - 1. Determine t(d).
4
Let i = 26 - 27. Let y(o) = 5*o + 1. Give y(i).
-4
Let l(y) = -y. Let t(j) = -4*j + 6. Let v(p) = 2*l(p) - t(p). Calculate v(7).
8
Let u(c) = 20*c - 8*c + 6 - 10*c. Let r = -21 - -14. Give u(r).
-8
Let b(z) = z - 11. Let s(n) = n + 1. Let f(c) = -2*c + 11. Let t(u) = f(u) + s(u). Let o(i) = 6*b(i) + 5*t(i). Give o(3).
-3
Let t(x) = -x**2 + 3. Let f(p) = -p + 1. Let l(v) = 4*f(v) + t(v). Give l(-5).
2
Let v(i) = -85 + 82 - 3*i + 4*i. Calculate v(-3).
-6
Let i be (-1805)/(-600) - (1 + 2). Let h(f) be the third derivative of 7/24*f**4 - i*f**6 + 0 + 5/6*f**3 - f**2 - 1/15*f**5 + 0*f. Calculate h(-5).
-5
Let d(i) = -2 - 7*i - 3*i + i + 7*i. Let w be d(-3). Let r(s) = -s + 1. What is r(w)?
-3
Let w = 2 + -1. Let t(a) = a + 6. Let k(c) be the third derivative of c**3/6 + 6*c**2. Let u(o) = 5*k(o) - t(o). What is u(w)?
-2
Let u(n) = 6*n + 0*n - 3*n + 0*n. Calculate u(-5).
-15
Let y(m) = 5*m**3 - 10*m**2 + 10*m - 18. Let f(d) = 3*d**3 - 7*d**2 + 7*d - 12. Let o(z) = 8*f(z) - 5*y(z). What is o(-7)?
1
Let u(f) = f**3 + 8*f**2 + 7*f + 3. Let g be u(-7). Let v(y) = -g*y + 0 - 1 + 0*y + 0. Determine v(-2).
5
Let w be ((-3)/2)/((-33)/(-66)). Let a(d) = d**3 + 3*d**2 - 2*d - 2. Determine a(w).
4
Let l(z) = z**3 + z**2 - z. Let q(t) be the first derivative of -t**4 + 4*t**3/3 - 2*t**2 + t - 8. Let h(c) = 3*l(c) - q(c). Give h(1).
6
Suppose c + 3*b + 20 = -2*b, 4*c - 2*b - 8 = 0. Let r be -2 + (-1 + c - -1). Let h = r - 3. Let o(u) = -u**2 - 8*u - 7. De